{"id":8340,"date":"2023-06-13T16:41:38","date_gmt":"2023-06-13T15:41:38","guid":{"rendered":"https:\/\/www.lyceelecorbusier.eu\/projets\/wp-content\/uploads\/sites\/8\/2023\/06\/J2-Amandine-se-prepare-a-la-pente-ecole.jpg"},"modified":"2023-06-13T16:42:16","modified_gmt":"2023-06-13T15:42:16","slug":"j2-amandine-se-prepare-a-la-pente-ecole","status":"inherit","type":"attachment","link":"https:\/\/www.lyceelecorbusier.eu\/projets\/?attachment_id=8340","title":{"rendered":"J2 &#8211; Amandine se pr\u00e9pare \u00e0 la pente \u00e9cole"},"author":5,"comment_status":"closed","ping_status":"closed","template":"","meta":[],"description":{"rendered":"<p class=\"attachment\"><a href='https:\/\/www.lyceelecorbusier.eu\/projets\/wp-content\/uploads\/sites\/8\/2023\/06\/J2-Amandine-se-prepare-a-la-pente-ecole.jpg'><img width=\"200\" height=\"300\" src=\"https:\/\/www.lyceelecorbusier.eu\/projets\/wp-content\/uploads\/sites\/8\/2023\/06\/J2-Amandine-se-prepare-a-la-pente-ecole-200x300.jpg\" class=\"attachment-medium size-medium\" alt=\"\" loading=\"lazy\" srcset=\"https:\/\/www.lyceelecorbusier.eu\/projets\/wp-content\/uploads\/sites\/8\/2023\/06\/J2-Amandine-se-prepare-a-la-pente-ecole-200x300.jpg 200w, https:\/\/www.lyceelecorbusier.eu\/projets\/wp-content\/uploads\/sites\/8\/2023\/06\/J2-Amandine-se-prepare-a-la-pente-ecole-640x960.jpg 640w, https:\/\/www.lyceelecorbusier.eu\/projets\/wp-content\/uploads\/sites\/8\/2023\/06\/J2-Amandine-se-prepare-a-la-pente-ecole.jpg 683w\" sizes=\"(max-width: 200px) 100vw, 200px\" \/><\/a><\/p>\n"},"caption":{"rendered":"<p>Amandine se pr\u00e9pare \u00e0 la pente \u00e9cole<\/p>\n"},"alt_text":"","media_type":"image","mime_type":"image\/jpeg","media_details":{"width":683,"height":1024,"file":"2023\/06\/J2-Amandine-se-prepare-a-la-pente-ecole.jpg","sizes":{"medium":{"file":"J2-Amandine-se-prepare-a-la-pente-ecole-200x300.jpg","width":200,"height":300,"mime_type":"image\/jpeg","source_url":"https:\/\/www.lyceelecorbusier.eu\/projets\/wp-content\/uploads\/sites\/8\/2023\/06\/J2-Amandine-se-prepare-a-la-pente-ecole-200x300.jpg"},"thumbnail":{"file":"J2-Amandine-se-prepare-a-la-pente-ecole-150x150.jpg","width":150,"height":150,"mime_type":"image\/jpeg","source_url":"https:\/\/www.lyceelecorbusier.eu\/projets\/wp-content\/uploads\/sites\/8\/2023\/06\/J2-Amandine-se-prepare-a-la-pente-ecole-150x150.jpg"},"purpose-featured-small":{"file":"J2-Amandine-se-prepare-a-la-pente-ecole-640x960.jpg","width":640,"height":960,"mime_type":"image\/jpeg","source_url":"https:\/\/www.lyceelecorbusier.eu\/projets\/wp-content\/uploads\/sites\/8\/2023\/06\/J2-Amandine-se-prepare-a-la-pente-ecole-640x960.jpg"},"purpose-featured-square":{"file":"J2-Amandine-se-prepare-a-la-pente-ecole-683x720.jpg","width":683,"height":720,"mime_type":"image\/jpeg","source_url":"https:\/\/www.lyceelecorbusier.eu\/projets\/wp-content\/uploads\/sites\/8\/2023\/06\/J2-Amandine-se-prepare-a-la-pente-ecole-683x720.jpg"},"full":{"file":"J2-Amandine-se-prepare-a-la-pente-ecole.jpg","width":683,"height":1024,"mime_type":"image\/jpeg","source_url":"https:\/\/www.lyceelecorbusier.eu\/projets\/wp-content\/uploads\/sites\/8\/2023\/06\/J2-Amandine-se-prepare-a-la-pente-ecole.jpg"}},"image_meta":{"aperture":"5","credit":"","camera":"Canon EOS 500D","caption":"","created_timestamp":"1685617429","copyright":"","focal_length":"109","iso":"320","shutter_speed":"0.001","title":"","orientation":"1","keywords":[]}},"post":8277,"source_url":"https:\/\/www.lyceelecorbusier.eu\/projets\/wp-content\/uploads\/sites\/8\/2023\/06\/J2-Amandine-se-prepare-a-la-pente-ecole.jpg","_links":{"self":[{"href":"https:\/\/www.lyceelecorbusier.eu\/projets\/index.php?rest_route=\/wp\/v2\/media\/8340"}],"collection":[{"href":"https:\/\/www.lyceelecorbusier.eu\/projets\/index.php?rest_route=\/wp\/v2\/media"}],"about":[{"href":"https:\/\/www.lyceelecorbusier.eu\/projets\/index.php?rest_route=\/wp\/v2\/types\/attachment"}],"author":[{"embeddable":true,"href":"https:\/\/www.lyceelecorbusier.eu\/projets\/index.php?rest_route=\/wp\/v2\/users\/5"}]}}

J2 &#8211; Amandine se prépare à la pente école

<p>Amandine se prépare à la pente école</p>
