{"id":3733,"date":"2026-02-13T10:27:24","date_gmt":"2026-02-13T09:27:24","guid":{"rendered":"https:\/\/www.lyceelecorbusier.eu\/?page_id=3733"},"modified":"2026-02-25T20:51:52","modified_gmt":"2026-02-25T19:51:52","slug":"cap-metallier","status":"publish","type":"page","link":"https:\/\/www.lyceelecorbusier.eu\/?page_id=3733","title":{"rendered":"CAP M\u00e9tallier"},"content":{"rendered":"<p><strong>Dur\u00e9e de la formation :\u00a0<\/strong>2 ans<strong><br \/>\n<\/strong><strong>Nature de la formation :\u00a0<\/strong>Dipl\u00f4me national ou dipl\u00f4me d&#8217;\u00c9tat<strong><br \/>\n<\/strong><strong>Type de formation :\u00a0<\/strong>CAP (certificat d&#8217;aptitude professionnelle)<\/p>\n<p><a href=\"https:\/\/www.lyceelecorbusier.eu\/wp-content\/uploads\/2026\/02\/01_Image800.jpg\"><img loading=\"lazy\" class=\"alignnone wp-image-3768 size-full\" src=\"https:\/\/www.lyceelecorbusier.eu\/wp-content\/uploads\/2026\/02\/01_Image800.jpg\" alt=\"\" width=\"800\" height=\"390\" srcset=\"https:\/\/www.lyceelecorbusier.eu\/wp-content\/uploads\/2026\/02\/01_Image800.jpg 800w, https:\/\/www.lyceelecorbusier.eu\/wp-content\/uploads\/2026\/02\/01_Image800-300x146.jpg 300w, https:\/\/www.lyceelecorbusier.eu\/wp-content\/uploads\/2026\/02\/01_Image800-768x374.jpg 768w\" sizes=\"(max-width: 800px) 100vw, 800px\" \/><\/a><\/p>\n<h2>D\u00e9bouch\u00e9s professionnels<\/h2>\n<p>Le titulaire du CAP m\u00e9tallier travaille dans une PME de serrurerie-m\u00e9tallerie ou du b\u00e2timent. Les emplois correspondent aux trois domaines d&#8217;activit\u00e9s de l&#8217;entreprise : fabrication en atelier ; pose sur chantier ; entretien, service apr\u00e8s-vente, maintenance.<\/p>\n<h2>Contenu et d\u00e9roulement de la formation<\/h2>\n<p>Le CAP associe ainsi <strong>des enseignements g\u00e9n\u00e9raux et des enseignements professionnels (un peu plus de la moiti\u00e9 du temps).<\/strong><\/p>\n<p>En CAP m\u00e9tallier, l&#8217;\u00e9l\u00e8ve apprend \u00e0 fabriquer et \u00e0 poser des ouvrages m\u00e9talliques pour les b\u00e2timents (charpente m\u00e9tallique, cloisons, v\u00e9randas&#8230;), pour la mise en place de fermetures (serrures, portes blind\u00e9es, cl\u00f4tures&#8230;), pour l&#8217;accessibilit\u00e9 (escaliers, rampes, gaines d&#8217;ascenseurs, passerelles, balcons, ponts) ou encore des ouvrages de d\u00e9coration (ferronnerie).<\/p>\n<p>Il \u00e9tudie les caract\u00e9ristiques des mat\u00e9riaux (acier, inox, cuivre, aluminium, laiton&#8230;), la lecture de plans et le dessin technique et la gamme de fabrication:\u00a0produits de formes diff\u00e9rentes (plats, profil\u00e9s\u2026). Il apprend les m\u00e9thodes de fabrication et de pose : d\u00e9coupage, mise en forme et assemblage de pi\u00e8ces m\u00e9talliques. Pendant sa formation, l&#8217;\u00e9l\u00e8ve utilise les diff\u00e9rents outils \u00e0 main : enclume, marteau, et les machines : tron\u00e7onneuses \u00e0 disque, poin\u00e7onneuses, appareils \u00e0 souder&#8230; \u00a0souvent programmables. Le programme aborde la r\u00e9paration des syst\u00e8mes \u00e9lectroniques de fermeture.<\/p>\n<p><a href=\"https:\/\/www.lyceelecorbusier.eu\/wp-content\/uploads\/2026\/02\/02_Image800.jpg\"><img loading=\"lazy\" width=\"800\" height=\"390\" class=\"alignnone size-full wp-image-3769\" src=\"https:\/\/www.lyceelecorbusier.eu\/wp-content\/uploads\/2026\/02\/02_Image800.jpg\" alt=\"\" srcset=\"https:\/\/www.lyceelecorbusier.eu\/wp-content\/uploads\/2026\/02\/02_Image800.jpg 800w, https:\/\/www.lyceelecorbusier.eu\/wp-content\/uploads\/2026\/02\/02_Image800-300x146.jpg 300w, https:\/\/www.lyceelecorbusier.eu\/wp-content\/uploads\/2026\/02\/02_Image800-768x374.jpg 768w\" sizes=\"(max-width: 800px) 100vw, 800px\" \/><\/a><\/p>\n<h2>Comment postuler\u00a0?<\/h2>\n<p>Ce CAP se pr\u00e9pare en 2 ans apr\u00e8s la classe de 3<sup>e<\/sup>.<\/p>\n<h2>Poursuites d\u2019\u00e9tudes<\/h2>\n<p>Le CAP d\u00e9bouche sur la vie active mais il est possible, sous certaines conditions, de poursuivre des \u00e9tudes et de pr\u00e9parer un autre CAP du secteur en 1 an, ou bien poursuivre en BP. La poursuite en Bac Pro. est possible avec un bon dossier.<\/p>\n<p><a href=\"https:\/\/www.lyceelecorbusier.eu\/wp-content\/uploads\/2026\/02\/00_Image800.jpg\"><img loading=\"lazy\" width=\"800\" height=\"390\" class=\"alignnone size-full wp-image-3770\" src=\"https:\/\/www.lyceelecorbusier.eu\/wp-content\/uploads\/2026\/02\/00_Image800.jpg\" alt=\"\" srcset=\"https:\/\/www.lyceelecorbusier.eu\/wp-content\/uploads\/2026\/02\/00_Image800.jpg 800w, https:\/\/www.lyceelecorbusier.eu\/wp-content\/uploads\/2026\/02\/00_Image800-300x146.jpg 300w, https:\/\/www.lyceelecorbusier.eu\/wp-content\/uploads\/2026\/02\/00_Image800-768x374.jpg 768w\" sizes=\"(max-width: 800px) 100vw, 800px\" \/><\/a><\/p>\n<p style=\"text-align: left;\"><a href=\"https:\/\/www.lyceelecorbusier.eu\/?page_id=385\"><strong>&lt; Retour<\/strong><\/a><\/p>\n","protected":false},"excerpt":{"rendered":"<p>Dur\u00e9e de la formation :\u00a02 ans Nature de la formation :\u00a0Dipl\u00f4me national ou dipl\u00f4me d&#8217;\u00c9tat Type de formation :\u00a0CAP (certificat d&#8217;aptitude professionnelle) D\u00e9bouch\u00e9s professionnels Le titulaire du CAP m\u00e9tallier travaille dans une PME de serrurerie-m\u00e9tallerie ou du b\u00e2timent&#8230;. <a class=\"read-more\" href=\"https:\/\/www.lyceelecorbusier.eu\/?page_id=3733\">Lire la suite&#8230;<\/a><\/p>\n","protected":false},"author":417,"featured_media":3767,"parent":0,"menu_order":0,"comment_status":"closed","ping_status":"closed","template":"","meta":[],"_links":{"self":[{"href":"https:\/\/www.lyceelecorbusier.eu\/index.php?rest_route=\/wp\/v2\/pages\/3733"}],"collection":[{"href":"https:\/\/www.lyceelecorbusier.eu\/index.php?rest_route=\/wp\/v2\/pages"}],"about":[{"href":"https:\/\/www.lyceelecorbusier.eu\/index.php?rest_route=\/wp\/v2\/types\/page"}],"author":[{"embeddable":true,"href":"https:\/\/www.lyceelecorbusier.eu\/index.php?rest_route=\/wp\/v2\/users\/417"}],"replies":[{"embeddable":true,"href":"https:\/\/www.lyceelecorbusier.eu\/index.php?rest_route=%2Fwp%2Fv2%2Fcomments&post=3733"}],"version-history":[{"count":9,"href":"https:\/\/www.lyceelecorbusier.eu\/index.php?rest_route=\/wp\/v2\/pages\/3733\/revisions"}],"predecessor-version":[{"id":3807,"href":"https:\/\/www.lyceelecorbusier.eu\/index.php?rest_route=\/wp\/v2\/pages\/3733\/revisions\/3807"}],"wp:featuredmedia":[{"embeddable":true,"href":"https:\/\/www.lyceelecorbusier.eu\/index.php?rest_route=\/wp\/v2\/media\/3767"}],"wp:attachment":[{"href":"https:\/\/www.lyceelecorbusier.eu\/index.php?rest_route=%2Fwp%2Fv2%2Fmedia&parent=3733"}],"curies":[{"name":"wp","href":"https:\/\/api.w.org\/{rel}","templated":true}]}}