{"id":3611,"date":"2025-10-28T11:34:37","date_gmt":"2025-10-28T10:34:37","guid":{"rendered":"https:\/\/www.lyceelecorbusier.eu\/?page_id=3611"},"modified":"2026-02-25T20:52:32","modified_gmt":"2026-02-25T19:52:32","slug":"bac-pro-technicien-detudes-du-batiment-option-assistant-en-architecture","status":"publish","type":"page","link":"https:\/\/www.lyceelecorbusier.eu\/?page_id=3611","title":{"rendered":"Bac Pro Technicien d\u2019\u00e9tudes du b\u00e2timent &#8211; option assistant en architecture"},"content":{"rendered":"<p><strong>Dur\u00e9e de la formation :\u00a0<\/strong>3 ans<strong><br \/>\n<\/strong><strong>Nature de la formation :\u00a0<\/strong>Dipl\u00f4me national ou dipl\u00f4me d&#8217;\u00c9tat<strong><br \/>\n<\/strong><strong>Type de formation :\u00a0<\/strong>Bac pro<\/p>\n<p style=\"text-align: center;\"><iframe loading=\"lazy\" title=\"YouTube video player\" src=\"https:\/\/www.youtube.com\/embed\/GLLGtWRTTb4?si=_qMje0-j64NYHopx\" width=\"560\" height=\"315\" frameborder=\"0\" allowfullscreen=\"allowfullscreen\"><\/iframe><\/p>\n<p><a href=\"https:\/\/www.lyceelecorbusier.eu\/wp-content\/uploads\/2026\/01\/00_800_001.jpg\"><img loading=\"lazy\" width=\"800\" height=\"400\" class=\"size-full wp-image-3703 aligncenter\" src=\"https:\/\/www.lyceelecorbusier.eu\/wp-content\/uploads\/2026\/01\/00_800_001.jpg\" alt=\"\" srcset=\"https:\/\/www.lyceelecorbusier.eu\/wp-content\/uploads\/2026\/01\/00_800_001.jpg 800w, https:\/\/www.lyceelecorbusier.eu\/wp-content\/uploads\/2026\/01\/00_800_001-300x150.jpg 300w, https:\/\/www.lyceelecorbusier.eu\/wp-content\/uploads\/2026\/01\/00_800_001-768x384.jpg 768w\" sizes=\"(max-width: 800px) 100vw, 800px\" \/><\/a><\/p>\n<h2>D\u00e9bouch\u00e9s professionnels<\/h2>\n<p>Le dipl\u00f4m\u00e9 travaille en priorit\u00e9 dans les entreprises d&#8217;architecture et de ma\u00eetrise d\u2019\u0153uvre, mais il peut \u00e9galement exercer dans les collectivit\u00e9s territoriales, chez les donneurs d&#8217;ordres institutionnels, dans les grands groupes publics et priv\u00e9s, chez des architectes paysagistes et des architectes d&#8217;int\u00e9rieur.<\/p>\n<h2>Contenu et d\u00e9roulement de la formation<\/h2>\n<p>Le bac pro associe ainsi des<strong> enseignements g\u00e9n\u00e9raux et des enseignements professionnels.<br \/>\n<\/strong>Ce bac pro forme \u00e0 l&#8217;assistance aux travaux d&#8217;architecture, aux \u00e9tudes techniques ou administratives ou au suivi de travaux pour des constructions neuves, des r\u00e9novations ou des r\u00e9habilitations (maisons, b\u00e2timents industriels, \u00e9quipements publics&#8230;).<\/p>\n<p>Cette formation est ax\u00e9e sur l&#8217;enseignement des connaissances techniques et \u00e9conomiques dans tous les domaines de la construction. Les connaissances acquises permettent \u00e0 l&#8217;\u00e9l\u00e8ve de traduire graphiquement des choix techniques et d&#8217;intervenir \u00e0 toutes les phases d&#8217;un programme architectural. Pour l&#8217;avant-projet, il apprend \u00e0 r\u00e9aliser l&#8217;esquisse des \u00e9tudes pr\u00e9liminaires et un diagnostic (relev\u00e9 d&#8217;ouvrages, maquette sommaire&#8230;). Il est form\u00e9 \u00e0 r\u00e9aliser des calculs, des documents en 2D et 3D, des \u00e9tudes techniques de projets, des dessins architecturaux et des maquettes.\u00a0Il apprend \u00e0 ma\u00eetriser les logiciels de CAO (conception assist\u00e9e par ordinateur) et de DAO (dessin assist\u00e9 par ordinateur) pour produire des dessins et des plans d&#8217;ex\u00e9cution. Il est pr\u00e9par\u00e9 \u00e0 l&#8217;assistance au ma\u00eetre d&#8217;ouvrage. Pour la phase de r\u00e9alisation, ses connaissances lui permettent de suivre et de contr\u00f4ler les travaux jusqu&#8217;\u00e0 la fin de l&#8217;ouvrage. Le respect de l&#8217;environnement est \u00e9galement pris en compte dans la formation.<\/p>\n<p>L\u2019\u00e9l\u00e8ve effectue plusieurs p\u00e9riodes de stage (20 semaines sur 3 ans) appel\u00e9s PFMP (p\u00e9riode de formation en milieu professionnel) qui sont obligatoires pour l\u2019obtention de l&#8217;examen.<\/p>\n<p><a href=\"https:\/\/www.lyceelecorbusier.eu\/wp-content\/uploads\/2026\/01\/00_800_002.jpg\"><img loading=\"lazy\" width=\"800\" height=\"390\" class=\"size-full wp-image-3704 aligncenter\" src=\"https:\/\/www.lyceelecorbusier.eu\/wp-content\/uploads\/2026\/01\/00_800_002.jpg\" alt=\"\" srcset=\"https:\/\/www.lyceelecorbusier.eu\/wp-content\/uploads\/2026\/01\/00_800_002.jpg 800w, https:\/\/www.lyceelecorbusier.eu\/wp-content\/uploads\/2026\/01\/00_800_002-300x146.jpg 300w, https:\/\/www.lyceelecorbusier.eu\/wp-content\/uploads\/2026\/01\/00_800_002-768x374.jpg 768w\" sizes=\"(max-width: 800px) 100vw, 800px\" \/><\/a><\/p>\n<h2>Comment postuler\u00a0?<\/h2>\n<p>Ce bac pro se pr\u00e9pare en 3 ans apr\u00e8s la classe de 3<sup>e. <\/sup>Les \u00e9l\u00e8ves doivent choisir une 2<sup>de<\/sup>\u00a0professionnelle\u00a0<strong><em>m\u00e9tiers des \u00e9tudes et de la mod\u00e9lisation num\u00e9rique du b\u00e2timent <\/em><\/strong><em>\u00a0<\/em>en vue de pr\u00e9parer cette sp\u00e9cialit\u00e9 du bac professionnel.<\/p>\n<h2>Poursuites d\u2019\u00e9tudes<\/h2>\n<p>Le bac pro a pour objectif l&#8217;insertion professionnelle mais, avec un bon dossier ou une mention \u00e0 l&#8217;examen, une poursuite d&#8217;\u00e9tudes en BTS est pr\u00e9conis\u00e9e<\/p>\n<p><strong>Exemple(s) de formation(s) :<\/strong><\/p>\n<ul>\n<li>BTS \u00e9tude et r\u00e9alisation d&#8217;agencement<\/li>\n<li><a href=\"https:\/\/www.lyceelecorbusier.eu\/?page_id=3480\">BTS management \u00e9conomique de la construction<\/a><\/li>\n<\/ul>\n<p style=\"text-align: left;\"><a href=\"https:\/\/www.lyceelecorbusier.eu\/?page_id=385\"><strong>&lt; Retour<\/strong><\/a><\/p>\n","protected":false},"excerpt":{"rendered":"<p>Dur\u00e9e de la formation :\u00a03 ans Nature de la formation :\u00a0Dipl\u00f4me national ou dipl\u00f4me d&#8217;\u00c9tat Type de formation :\u00a0Bac pro D\u00e9bouch\u00e9s professionnels Le dipl\u00f4m\u00e9 travaille en priorit\u00e9 dans les entreprises d&#8217;architecture et de ma\u00eetrise d\u2019\u0153uvre, mais il peut&#8230; <a class=\"read-more\" href=\"https:\/\/www.lyceelecorbusier.eu\/?page_id=3611\">Lire la suite&#8230;<\/a><\/p>\n","protected":false},"author":1,"featured_media":3700,"parent":0,"menu_order":0,"comment_status":"closed","ping_status":"closed","template":"","meta":[],"_links":{"self":[{"href":"https:\/\/www.lyceelecorbusier.eu\/index.php?rest_route=\/wp\/v2\/pages\/3611"}],"collection":[{"href":"https:\/\/www.lyceelecorbusier.eu\/index.php?rest_route=\/wp\/v2\/pages"}],"about":[{"href":"https:\/\/www.lyceelecorbusier.eu\/index.php?rest_route=\/wp\/v2\/types\/page"}],"author":[{"embeddable":true,"href":"https:\/\/www.lyceelecorbusier.eu\/index.php?rest_route=\/wp\/v2\/users\/1"}],"replies":[{"embeddable":true,"href":"https:\/\/www.lyceelecorbusier.eu\/index.php?rest_route=%2Fwp%2Fv2%2Fcomments&post=3611"}],"version-history":[{"count":5,"href":"https:\/\/www.lyceelecorbusier.eu\/index.php?rest_route=\/wp\/v2\/pages\/3611\/revisions"}],"predecessor-version":[{"id":3811,"href":"https:\/\/www.lyceelecorbusier.eu\/index.php?rest_route=\/wp\/v2\/pages\/3611\/revisions\/3811"}],"wp:featuredmedia":[{"embeddable":true,"href":"https:\/\/www.lyceelecorbusier.eu\/index.php?rest_route=\/wp\/v2\/media\/3700"}],"wp:attachment":[{"href":"https:\/\/www.lyceelecorbusier.eu\/index.php?rest_route=%2Fwp%2Fv2%2Fmedia&parent=3611"}],"curies":[{"name":"wp","href":"https:\/\/api.w.org\/{rel}","templated":true}]}}