{"id":3603,"date":"2025-10-28T11:20:27","date_gmt":"2025-10-28T10:20:27","guid":{"rendered":"https:\/\/www.lyceelecorbusier.eu\/?page_id=3603"},"modified":"2026-02-25T20:52:23","modified_gmt":"2026-02-25T19:52:23","slug":"bac-pro-ouvrages-du-batiment-metallerie","status":"publish","type":"page","link":"https:\/\/www.lyceelecorbusier.eu\/?page_id=3603","title":{"rendered":"BAC PRO ouvrages du b\u00e2timent &#8211; M\u00e9tallerie"},"content":{"rendered":"<p><strong>Dur\u00e9e de la formation :<\/strong>\u00a03 ans<strong><br \/>\n<\/strong><strong>Nature de la formation :\u00a0<\/strong>Dipl\u00f4me national ou dipl\u00f4me d&#8217;\u00c9tat<strong><br \/>\n<\/strong><strong>Type de formation :\u00a0<\/strong>Bac pro<\/p>\n<p style=\"text-align: center;\"><iframe loading=\"lazy\" title=\"YouTube video player\" src=\"https:\/\/www.youtube.com\/embed\/rt7IgHowbdk?si=GFA2rDvOGV1sP3rg\" width=\"560\" height=\"315\" frameborder=\"0\" allowfullscreen=\"allowfullscreen\"><\/iframe><\/p>\n<h2>D\u00e9bouch\u00e9s professionnels<\/h2>\n<p>Les dipl\u00f4m\u00e9s s&#8217;ins\u00e8rent dans les PME de la m\u00e9tallerie, de la serrurerie, de la construction m\u00e9tallique, des fa\u00e7ades ou de la menuiserie m\u00e9tallique.<\/p>\n<h2>Contenu et d\u00e9roulement de la formation<\/h2>\n<p>Le bac pro associe ainsi des<strong> enseignements g\u00e9n\u00e9raux et des enseignements professionnels.<br \/>\n<\/strong>Ce bac pro forme \u00e0 la fabrication, la mise en \u0153uvre ou la r\u00e9alisation de la maintenance d&#8217;ouvrages de m\u00e9tallerie du b\u00e2timent ou des travaux publics.<\/p>\n<p>L&#8217;\u00e9l\u00e8ve apprend la r\u00e9alisation, l&#8217;assemblage et la pose des structures du b\u00e2timent (charpentes, planchers, ossatures), de l&#8217;enveloppe du b\u00e2timent (fen\u00eatres, portes, parties de toiture), des ouvrages de distribution et de protection (cloisons, garde-corps&#8230;) ou encore des am\u00e9nagements ext\u00e9rieurs ou int\u00e9rieurs (mobilier urbain, escaliers, cages d&#8217;ascenseur&#8230;). Il acquiert les diff\u00e9rentes techniques et m\u00e9thodes pour exploiter des \u00e9tudes de travaux et g\u00e9rer le suivi de r\u00e9alisation.<\/p>\n<p>L\u2019\u00e9l\u00e8ve effectue plusieurs p\u00e9riodes de stage (20 semaines sur 3 ans) appel\u00e9s PFMP (p\u00e9riode de formation en milieu professionnel) qui sont obligatoires pour l\u2019obtention de l&#8217;examen.<\/p>\n<h2>Comment postuler\u00a0?<\/h2>\n<p>Ce bac pro se pr\u00e9pare en 3 ans apr\u00e8s la classe de 3<sup>e. <\/sup>Les \u00e9l\u00e8ves doivent choisir une 2<sup>de<\/sup>\u00a0professionnelle\u00a0<strong><em>m\u00e9tiers de la construction durable, du b\u00e2timent et des travaux publics <\/em><\/strong><em>\u00a0<\/em>en vue de pr\u00e9parer cette sp\u00e9cialit\u00e9 du bac professionnel.<\/p>\n<h2>Poursuites d\u2019\u00e9tudes<\/h2>\n<p>Le bac pro a pour objectif l&#8217;insertion professionnelle mais, avec un bon dossier ou une mention \u00e0 l&#8217;examen, une poursuite d&#8217;\u00e9tudes en BTS est pr\u00e9conis\u00e9e.<\/p>\n<p><strong>Exemple(s) de formation(s) :<\/strong><\/p>\n<ul>\n<li>CS (ex MC) serrurier<\/li>\n<li>BP menuisier aluminium-verre<\/li>\n<li>CS (ex MC) technicien en soudage<\/li>\n<li>CS (ex MC) technicien en tuyauterie<\/li>\n<li>BTS architectures en m\u00e9tal : conception et r\u00e9alisation<\/li>\n<li>BTS conception des produits industriels<\/li>\n<li>BTS enveloppe des b\u00e2timents : conception et r\u00e9alisation<\/li>\n<li><a href=\"https:\/\/www.lyceelecorbusier.eu\/?page_id=3480\">BTS management \u00e9conomique de la construction<\/a><\/li>\n<\/ul>\n<p style=\"text-align: left;\"><a href=\"https:\/\/www.lyceelecorbusier.eu\/?page_id=385\"><strong>&lt; Retour<\/strong><\/a><\/p>\n","protected":false},"excerpt":{"rendered":"<p>Dur\u00e9e de la formation :\u00a03 ans Nature de la formation :\u00a0Dipl\u00f4me national ou dipl\u00f4me d&#8217;\u00c9tat Type de formation :\u00a0Bac pro D\u00e9bouch\u00e9s professionnels Les dipl\u00f4m\u00e9s s&#8217;ins\u00e8rent dans les PME de la m\u00e9tallerie, de la serrurerie, de la construction m\u00e9tallique,&#8230; <a class=\"read-more\" href=\"https:\/\/www.lyceelecorbusier.eu\/?page_id=3603\">Lire la suite&#8230;<\/a><\/p>\n","protected":false},"author":1,"featured_media":0,"parent":0,"menu_order":0,"comment_status":"closed","ping_status":"closed","template":"","meta":[],"_links":{"self":[{"href":"https:\/\/www.lyceelecorbusier.eu\/index.php?rest_route=\/wp\/v2\/pages\/3603"}],"collection":[{"href":"https:\/\/www.lyceelecorbusier.eu\/index.php?rest_route=\/wp\/v2\/pages"}],"about":[{"href":"https:\/\/www.lyceelecorbusier.eu\/index.php?rest_route=\/wp\/v2\/types\/page"}],"author":[{"embeddable":true,"href":"https:\/\/www.lyceelecorbusier.eu\/index.php?rest_route=\/wp\/v2\/users\/1"}],"replies":[{"embeddable":true,"href":"https:\/\/www.lyceelecorbusier.eu\/index.php?rest_route=%2Fwp%2Fv2%2Fcomments&post=3603"}],"version-history":[{"count":3,"href":"https:\/\/www.lyceelecorbusier.eu\/index.php?rest_route=\/wp\/v2\/pages\/3603\/revisions"}],"predecessor-version":[{"id":3810,"href":"https:\/\/www.lyceelecorbusier.eu\/index.php?rest_route=\/wp\/v2\/pages\/3603\/revisions\/3810"}],"wp:attachment":[{"href":"https:\/\/www.lyceelecorbusier.eu\/index.php?rest_route=%2Fwp%2Fv2%2Fmedia&parent=3603"}],"curies":[{"name":"wp","href":"https:\/\/api.w.org\/{rel}","templated":true}]}}