{"id":262,"date":"2014-07-29T11:38:34","date_gmt":"2014-07-29T10:38:34","guid":{"rendered":"http:\/\/www.lyceelecorbusier.eu\/?page_id=262"},"modified":"2014-08-01T09:20:02","modified_gmt":"2014-08-01T08:20:02","slug":"cap-en-alternance-preparation-et-realisation-des-ouvrages-electriques","status":"publish","type":"page","link":"https:\/\/www.lyceelecorbusier.eu\/?page_id=262","title":{"rendered":"CAP en alternance Pr\u00e9paration et R\u00e9alisation des Ouvrages \u00c9lectriques"},"content":{"rendered":"<p>Travaillant principalement en int\u00e9rieur, l\u2019\u00e9lectricien a des t\u00e2ches tr\u00e8s diversifi\u00e9es de <strong>mise en oeuvre<\/strong>, de <strong>r\u00e9alisation<\/strong> , de <strong>montage<\/strong>, de <strong>r\u00e9novation<\/strong>, de <strong>maintenance d\u2019\u00e9quipements et installations \u00e9lectriques<\/strong> sur <strong>site tertiaire<\/strong> ou <strong>r\u00e9sidentiel<\/strong>.<br \/>\nLe titulaire du dipl\u00f4me devra conna\u00eetre:<br \/>\n\u00b7 Les <strong>r\u00e9seaux d\u2019alimentation<\/strong><br \/>\n\u00b7 Les <strong>installations de communication<\/strong> en courants faibles situ\u00e9es dans les b\u00e2timents logements, collectifs, bureaux<br \/>\n\u00b7 Les <strong>nouvelles \u00e9nergies<\/strong> renouvelables (panneaux solaires, \u00e9oliens)<br \/>\nLe titulaire du dipl\u00f4me devra savoir:<br \/>\n\u00b7 <strong>Respecter<\/strong> scrupuleusement les consignes de s\u00e9curit\u00e9<br \/>\n\u00b7 <strong>Ex\u00e9cuter<\/strong> les diff\u00e9rents travaux relatifs \u00e0 l&#8217;installation d&#8217;\u00e9quipements \u00e9lectriques<br \/>\n\u00b7 <strong>Assurer<\/strong> la mise en service de l&#8217;installation<\/p>\n<h4 class=\"cbp-nttrigger\">Contenu p\u00e9dagogique<\/h4>\n<div class=\"cbp-ntcontent\">\n<p><strong>Enseignement professionnel<\/strong> : (16 h \/ sem)<br \/>\n\u00b7 Technologie de sp\u00e9cialit\u00e9 &#8211; Electrotechnique<br \/>\n\u00b7 Compl\u00e9ment pratique en atelier<br \/>\n\u00b7 Pr\u00e9vention S\u00e9curit\u00e9 Environnement<br \/>\n\u00b7 Pr\u00e9vention des Risques li\u00e9s \u00e0 l\u2019Activit\u00e9 Physique<br \/>\n\u00b7 Sauveteur Secouriste du Travail<\/p>\n<p><strong>Enseignement g\u00e9n\u00e9ral<\/strong> : (19 h \/ sem)<br \/>\n\u00b7 Fran\u00e7ais<br \/>\n\u00b7 Math\u00e9matiques\u2014 Sciences<br \/>\n\u00b7 Histoire-G\u00e9ographie<br \/>\n\u00b7 Langue Vivante<br \/>\n\u00b7 \u00c9ducation Physique et Sportive<\/p>\n<h4 class=\"cbp-nttrigger\">Organisation de l&#8217;apprentissage<\/h4>\n<p>\u00b7 <strong>Pr\u00e9-recquis<\/strong>: avoir fini sa 3\u00e8me \/ avoir entre 15 \u00e0 25 ans<br \/>\n\u00b7 <strong>Formation de 840 heures au CFA sur 2 ans<\/strong><br \/>\n\u00b7 L\u2019essentiel de la formation pratique se d\u00e9roule en entreprise<br \/>\n\u00b7 <strong> Alternance : &#8211; 1 semaine sur 3 en CFA \/ &#8211; 2 semaines sur 3 en entreprise.<\/strong><br \/>\n\u00b7 <strong>Poursuite possible<\/strong> Bac Pro \u00c9lectrotechnique \u00c9nergie \u00c9quipement Communiquant en 2 ans.<\/p>\n<\/div>\n","protected":false},"excerpt":{"rendered":"<p>Travaillant principalement en int\u00e9rieur, l\u2019\u00e9lectricien a des t\u00e2ches tr\u00e8s diversifi\u00e9es de mise en oeuvre, de r\u00e9alisation , de montage, de r\u00e9novation, de maintenance d\u2019\u00e9quipements et installations \u00e9lectriques sur site tertiaire ou r\u00e9sidentiel. Le titulaire du dipl\u00f4me devra conna\u00eetre:&#8230; <a class=\"read-more\" href=\"https:\/\/www.lyceelecorbusier.eu\/?page_id=262\">Lire la suite&#8230;<\/a><\/p>\n","protected":false},"author":1,"featured_media":341,"parent":0,"menu_order":0,"comment_status":"closed","ping_status":"closed","template":"template-full.php","meta":[],"_links":{"self":[{"href":"https:\/\/www.lyceelecorbusier.eu\/index.php?rest_route=\/wp\/v2\/pages\/262"}],"collection":[{"href":"https:\/\/www.lyceelecorbusier.eu\/index.php?rest_route=\/wp\/v2\/pages"}],"about":[{"href":"https:\/\/www.lyceelecorbusier.eu\/index.php?rest_route=\/wp\/v2\/types\/page"}],"author":[{"embeddable":true,"href":"https:\/\/www.lyceelecorbusier.eu\/index.php?rest_route=\/wp\/v2\/users\/1"}],"replies":[{"embeddable":true,"href":"https:\/\/www.lyceelecorbusier.eu\/index.php?rest_route=%2Fwp%2Fv2%2Fcomments&post=262"}],"version-history":[{"count":1,"href":"https:\/\/www.lyceelecorbusier.eu\/index.php?rest_route=\/wp\/v2\/pages\/262\/revisions"}],"predecessor-version":[{"id":263,"href":"https:\/\/www.lyceelecorbusier.eu\/index.php?rest_route=\/wp\/v2\/pages\/262\/revisions\/263"}],"wp:featuredmedia":[{"embeddable":true,"href":"https:\/\/www.lyceelecorbusier.eu\/index.php?rest_route=\/wp\/v2\/media\/341"}],"wp:attachment":[{"href":"https:\/\/www.lyceelecorbusier.eu\/index.php?rest_route=%2Fwp%2Fv2%2Fmedia&parent=262"}],"curies":[{"name":"wp","href":"https:\/\/api.w.org\/{rel}","templated":true}]}}

CAP en alternance Préparation et Réalisation des Ouvrages Électriques

<p>Travaillant principalement en intérieur, l’électricien a des tâches très diversifiées de <strong>mise en oeuvre</strong>, de <strong>réalisation</strong> , de <strong>montage</strong>, de <strong>rénovation</strong>, de <strong>maintenance d’équipements et installations électriques</strong> sur <strong>site tertiaire</strong> ou <strong>résidentiel</strong>.<br />
Le titulaire du diplôme devra connaître:<br />
· Les <strong>réseaux d’alimentation</strong><br />
· Les <strong>installations de communication</strong> en courants faibles situées dans les bâtiments logements, collectifs, bureaux<br />
· Les <strong>nouvelles énergies</strong> renouvelables (panneaux solaires, éoliens)<br />
Le titulaire du diplôme devra savoir:<br />
· <strong>Respecter</strong> scrupuleusement les consignes de sécurité<br />
· <strong>Exécuter</strong> les différents travaux relatifs à l&#8217;installation d&#8217;équipements électriques<br />
· <strong>Assurer</strong> la mise en service de l&#8217;installation</p>
<h4 class="cbp-nttrigger">Contenu pédagogique</h4>
<div class="cbp-ntcontent">
<p><strong>Enseignement professionnel</strong> : (16 h / sem)<br />
· Technologie de spécialité &#8211; Electrotechnique<br />
· Complément pratique en atelier<br />
· Prévention Sécurité Environnement<br />
· Prévention des Risques liés à l’Activité Physique<br />
· Sauveteur Secouriste du Travail</p>
<p><strong>Enseignement général</strong> : (19 h / sem)<br />
· Français<br />
· Mathématiques— Sciences<br />
· Histoire-Géographie<br />
· Langue Vivante<br />
· Éducation Physique et Sportive</p>
<h4 class="cbp-nttrigger">Organisation de l&#8217;apprentissage</h4>
<p>· <strong>Pré-recquis</strong>: avoir fini sa 3ème / avoir entre 15 à 25 ans<br />
· <strong>Formation de 840 heures au CFA sur 2 ans</strong><br />
· L’essentiel de la formation pratique se déroule en entreprise<br />
· <strong> Alternance : &#8211; 1 semaine sur 3 en CFA / &#8211; 2 semaines sur 3 en entreprise.</strong><br />
· <strong>Poursuite possible</strong> Bac Pro Électrotechnique Énergie Équipement Communiquant en 2 ans.</p>
</div>

<p>Travaillant principalement en intérieur, l’électricien a des tâches très diversifiées de mise en oeuvre, de réalisation , de montage, de rénovation, de maintenance d’équipements et installations électriques sur site tertiaire ou résidentiel. Le titulaire du diplôme devra connaître:&#8230; <a class="read-more" href="https://www.lyceelecorbusier.eu/?page_id=262">Lire la suite&#8230;</a></p>
