{"id":15,"date":"2014-07-21T13:24:23","date_gmt":"2014-07-21T12:24:23","guid":{"rendered":"http:\/\/www.lyceelecorbusier.eu\/?page_id=15"},"modified":"2026-01-22T16:21:17","modified_gmt":"2026-01-22T15:21:17","slug":"a-propos","status":"publish","type":"page","link":"https:\/\/www.lyceelecorbusier.eu\/?page_id=15","title":{"rendered":"\u00c0 propos"},"content":{"rendered":"<p>15, rue Lixenbuhl BP 10133<br \/>\n67404 Illkirch-Graffenstaden Cedex<br \/>\nT\u00e9l. : 03 88 66 87 66<br \/>\nFax lyc\u00e9e : 03 88 66 87 67<br \/>\nFax CFA : 03 88 66 87 48<br \/>\nM\u00e9l lyc\u00e9e : <a href=\"mailto:ce.0672198A@ac-strasbourg.fr\">ce.0672198A@ac-strasbourg.fr<\/a><br \/>\nM\u00e9l CFA : <a href=\"mailto:ce.0672066G@ac-strasbourg.fr\">ce.0672066G@ac-strasbourg.fr<\/a><br \/>\n<a href=\"http:\/\/lyceelecorbusier.com\" target=\"_blank\" rel=\"noopener\">www.lyceelecorbusier.eu<\/a><\/p>\n<h2><b>Directeur de publication<\/b><\/h2>\n<p><strong>Daniel GASSNER<\/strong><br \/>\nProviseur<\/p>\n<h2><b>Coordonnateur et responsable d\u2019\u00e9dition<\/b><\/h2>\n<p><strong>Marie SLAGHUIS<br \/>\n<\/strong>Enseignante<\/p>\n<h2><b>Conception<\/b><\/h2>\n<p><strong>Marie SLAGHUIS<\/strong><br \/>\nEnseignante<\/p>\n<p>Site d\u00e9velopp\u00e9 avec <a href=\"http:\/\/wordpress.org\/\" target=\"_blank\" rel=\"noopener\">WordPress<\/a><\/p>\n<h2><b>H\u00e9bergement<\/b><\/h2>\n<p>GANDI SAS, 63-65 boulevard Massena \u00e0 Paris (75013) FRANCE.<\/p>\n<h2><b>Usage du site<\/b><\/h2>\n<p style=\"text-align: justify;\"><b>Avertissement<\/b><br \/>\nToutes les informations fournies sur le site le sont \u00e0 titre indicatif. Ces informations ne peuvent en aucun cas \u00eatre consid\u00e9r\u00e9es comme une offre contractuelle de services.<br \/>\nIl appartient notamment \u00e0 l&#8217;utilisateur de ce site de prendre toutes les mesures appropri\u00e9es de fa\u00e7on \u00e0 prot\u00e9ger ses donn\u00e9es et ses logiciels de la contamination par d&#8217;\u00e9ventuels virus circulant sur le r\u00e9seau Internet.<br \/>\nDe mani\u00e8re g\u00e9n\u00e9rale, les responsables de ce site d\u00e9clinent toute responsabilit\u00e9 \u00e0 un \u00e9ventuel dommage survenu pendant la consultation du pr\u00e9sent site.<br \/>\nLes liens propos\u00e9s vers d&#8217;autres sites sont communiqu\u00e9s \u00e0 titre indicatif et ne sauraient engager la responsabilit\u00e9 de l&#8217;\u00e9diteur, tant en ce qui concerne les contenus que les conditions d&#8217;acc\u00e8s.<\/p>\n<h2><b>Protection et traitement de donn\u00e9es personnelles<\/b><\/h2>\n<p style=\"text-align: justify;\"><b>Respect des lois en vigueur<\/b><br \/>\nCe site respecte la vie priv\u00e9e de l&#8217;internaute et se conforme strictement aux lois en vigueur sur la protection de la vie priv\u00e9e et des libert\u00e9s individuelles.<br \/>\nAucune information personnelle n&#8217;est collect\u00e9e \u00e0 votre insu. Aucune information personnelle n&#8217;est c\u00e9d\u00e9e \u00e0 des tiers. Les adresses \u00e9lectroniques ou autres informations nominatives dont ce site est destinataire ne font l&#8217;objet d&#8217;aucune exploitation et ne sont conserv\u00e9s que pour la dur\u00e9e n\u00e9cessaire \u00e0 leur traitement.<\/p>\n<p><b>Droit d&#8217;acc\u00e8s, de rectification et de suppression des donn\u00e9es personnelles<\/b><br \/>\nConform\u00e9ment aux textes europ\u00e9ens et fran\u00e7ais en vigueur et notamment la loi du N\u00b0 78-17 du 6 janvier 1978 relative \u00e0 l\u2019informatique, aux fichiers et aux libert\u00e9s, le directeur de publication vous informe que vous disposez d\u2019un droit g\u00e9n\u00e9ral d\u2019acc\u00e8s, de rectification et de suppression de l\u2019ensemble des donn\u00e9es personnelles vous concernant et dont nous disposons.<br \/>\nVous pouvez exercer ce droit aupr\u00e8s du <a href=\"mailto:marie.slaghuis@ac-strasbourg.fr\">responsable d\u2019\u00e9dition<\/a><\/p>\n<p><b>Droit de r\u00e9ponse<\/b><br \/>\nVous pouvez exercer votre droit aupr\u00e8s du <a href=\"mailto:marie.slaghuis@ac-strasbourg.fr\">responsable d\u2019\u00e9dition<\/a><\/p>\n<p><b>M\u00e9dias<\/b><br \/>\nSi vous \u00eates un utilisateur ou une utilisatrice enregistr\u00e9\u00b7e et que vous t\u00e9l\u00e9versez des images sur le site web, nous vous conseillons d\u2019\u00e9viter de t\u00e9l\u00e9verser des images contenant des donn\u00e9es EXIF de coordonn\u00e9es GPS. Les visiteurs de votre site web peuvent t\u00e9l\u00e9charger et extraire des donn\u00e9es de localisation depuis ces images.<\/p>\n<p><b>Cookies<\/b><br \/>\nSi vous avez un compte et que vous vous connectez sur ce site, un cookie temporaire sera cr\u00e9\u00e9 afin de d\u00e9terminer si votre navigateur accepte les cookies. Il ne contient pas de donn\u00e9es personnelles et sera supprim\u00e9 automatiquement \u00e0 la fermeture de votre navigateur. Lorsque vous vous connecterez, nous mettrons en place un certain nombre de cookies pour enregistrer vos informations de connexion et vos pr\u00e9f\u00e9rences d\u2019\u00e9cran. La dur\u00e9e de vie d\u2019un cookie de connexion est de deux jours, celle d\u2019un cookie d\u2019option d\u2019\u00e9cran est d\u2019un an. Si vous cochez \u00ab\u00a0Se souvenir de moi\u00a0\u00bb, votre cookie de connexion sera conserv\u00e9 pendant deux semaines. Si vous vous d\u00e9connectez de votre compte, le cookie de connexion sera effac\u00e9.<br \/>\nEn modifiant ou en publiant un article, un cookie suppl\u00e9mentaire sera enregistr\u00e9 dans votre navigateur. Ce cookie ne comprend aucune donn\u00e9e personnelle. Il indique simplement l\u2019identifiant de l\u2019article que vous venez de modifier. Il expire au bout d\u2019un jour.<\/p>\n<p><b>Contenu embarqu\u00e9 depuis d\u2019autres sites<\/b><br \/>\nLes articles de ce site peuvent inclure des contenus int\u00e9gr\u00e9s (par exemple des vid\u00e9os, images, articles\u2026). Le contenu int\u00e9gr\u00e9 depuis d\u2019autres sites se comporte de la m\u00eame mani\u00e8re que si le visiteur se rendait sur cet autre site.<br \/>\nCes sites web pourraient collecter des donn\u00e9es sur vous, utiliser des cookies, embarquer des outils de suivis tiers, suivre vos interactions avec ces contenus embarqu\u00e9s si vous disposez d\u2019un compte connect\u00e9 sur leur site web.<\/p>\n<h2><strong>Utilisation et transmission de vos donn\u00e9es personnelles<\/strong><\/h2>\n<p><b>Dur\u00e9es de stockage de vos donn\u00e9es<\/b><br \/>\nPour les utilisateurs et utilisatrices qui s\u2019enregistrent sur notre site (si cela est possible), nous stockons \u00e9galement les donn\u00e9es personnelles indiqu\u00e9es dans leur profil. Tous les utilisateurs et utilisatrices peuvent voir, modifier ou supprimer leurs informations personnelles \u00e0 tout moment (\u00e0 l\u2019exception de leur nom d\u2019utilisateur\u00b7ice). Les gestionnaires du site peuvent aussi voir et modifier ces informations.<\/p>\n<p><b>Les droits que vous avez sur vos donn\u00e9es<\/b><br \/>\nSi vous avez un compte, vous pouvez demander \u00e0 recevoir un fichier contenant toutes les donn\u00e9es personnelles que nous poss\u00e9dons \u00e0 votre sujet, incluant celles que vous nous avez fournies. Vous pouvez \u00e9galement demander la suppression des donn\u00e9es personnelles vous concernant. Cela ne prend pas en compte les donn\u00e9es stock\u00e9es \u00e0 des fins administratives, l\u00e9gales ou pour des raisons de s\u00e9curit\u00e9.<\/p>\n<p><b>Transmission de vos donn\u00e9es personnelles<\/b><br \/>\nLes commentaires des visiteurs peuvent \u00eatre v\u00e9rifi\u00e9s \u00e0 l\u2019aide d\u2019un service automatis\u00e9 de d\u00e9tection des commentaires ind\u00e9sirables.<\/p>\n<h2><b>Droits d&#8217;auteur et de reproduction<\/b><\/h2>\n<p style=\"text-align: justify;\"><b>Copyright<\/b><br \/>\nDepuis la publication de l&#8217;ordonnance n\u00b0 2005-650 du 6 juin 2005 relative \u00e0 la libert\u00e9 d&#8217;acc\u00e8s aux documents administratifs et \u00e0 la r\u00e9utilisation des informations publiques, ces informations peuvent \u00eatre r\u00e9utilis\u00e9es \u00e0 d&#8217;autres fins que celles pour lesquelles elles ont \u00e9t\u00e9 produites, et particuli\u00e8rement les informations faisant l&#8217;objet d&#8217;une diffusion publique. Les documents publics ou officiels ne sont couverts par aucun droit d&#8217;auteur et peuvent donc \u00eatre reproduits librement.<br \/>\nLe graphisme, l&#8217;iconographie ainsi que le contenu \u00e9ditorial demeurent la propri\u00e9t\u00e9 des auteurs du site, et \u00e0 ce titre, font l&#8217;objet des protections pr\u00e9vues par le Code de la propri\u00e9t\u00e9 intellectuelle.<br \/>\nLes informations utilis\u00e9es ne doivent l&#8217;\u00eatre qu&#8217;\u00e0 des fins personnelles, associatives ou professionnelles ; toute diffusion ou utilisation \u00e0 des fins commerciales ou publicitaires est interdite.<\/p>\n<p>&nbsp;<\/p>\n<p>&nbsp;<\/p>\n","protected":false},"excerpt":{"rendered":"<p>15, rue Lixenbuhl BP 10133 67404 Illkirch-Graffenstaden Cedex T\u00e9l. : 03 88 66 87 66 Fax lyc\u00e9e : 03 88 66 87 67 Fax CFA : 03 88 66 87 48 M\u00e9l lyc\u00e9e : ce.0672198A@ac-strasbourg.fr M\u00e9l CFA :&#8230; <a class=\"read-more\" href=\"https:\/\/www.lyceelecorbusier.eu\/?page_id=15\">Lire la suite&#8230;<\/a><\/p>\n","protected":false},"author":1,"featured_media":10,"parent":0,"menu_order":0,"comment_status":"closed","ping_status":"closed","template":"template-full.php","meta":[],"_links":{"self":[{"href":"https:\/\/www.lyceelecorbusier.eu\/index.php?rest_route=\/wp\/v2\/pages\/15"}],"collection":[{"href":"https:\/\/www.lyceelecorbusier.eu\/index.php?rest_route=\/wp\/v2\/pages"}],"about":[{"href":"https:\/\/www.lyceelecorbusier.eu\/index.php?rest_route=\/wp\/v2\/types\/page"}],"author":[{"embeddable":true,"href":"https:\/\/www.lyceelecorbusier.eu\/index.php?rest_route=\/wp\/v2\/users\/1"}],"replies":[{"embeddable":true,"href":"https:\/\/www.lyceelecorbusier.eu\/index.php?rest_route=%2Fwp%2Fv2%2Fcomments&post=15"}],"version-history":[{"count":8,"href":"https:\/\/www.lyceelecorbusier.eu\/index.php?rest_route=\/wp\/v2\/pages\/15\/revisions"}],"predecessor-version":[{"id":3726,"href":"https:\/\/www.lyceelecorbusier.eu\/index.php?rest_route=\/wp\/v2\/pages\/15\/revisions\/3726"}],"wp:featuredmedia":[{"embeddable":true,"href":"https:\/\/www.lyceelecorbusier.eu\/index.php?rest_route=\/wp\/v2\/media\/10"}],"wp:attachment":[{"href":"https:\/\/www.lyceelecorbusier.eu\/index.php?rest_route=%2Fwp%2Fv2%2Fmedia&parent=15"}],"curies":[{"name":"wp","href":"https:\/\/api.w.org\/{rel}","templated":true}]}}