{"id":2,"date":"2020-12-26T09:56:15","date_gmt":"2020-12-26T08:56:15","guid":{"rendered":"https:\/\/www.lyceelecorbusier.eu\/erasmus\/?page_id=2"},"modified":"2025-07-14T09:54:27","modified_gmt":"2025-07-14T07:54:27","slug":"page-d-exemple","status":"publish","type":"page","link":"https:\/\/www.lyceelecorbusier.eu\/erasmus\/?page_id=2","title":{"rendered":"Le programme international"},"content":{"rendered":"<h2>Le programme international du lyc\u00e9e<\/h2>\n<p>Le Lyc\u00e9e Polyvalent Le Corbusier s&#8217;inscrit dans une d\u00e9marche internationale volontariste, en particulier gr\u00e2ce au programme ERASMUS+, son offre linguistique et ses partenariats internationaux. La dimension internationale est tr\u00e8s fortement inscrite dans le projet d\u2019\u00e9tablissement. Tout\u00b7e apprenant\u00b7e a l&#8217;opportunit\u00e9 de r\u00e9aliser une mobilit\u00e9 internationale afin de d\u00e9velopper une citoyennet\u00e9 europ\u00e9enne et de renforcer ses chances d&#8217;int\u00e9gration dans le monde professionnel.<\/p>\n<p><img loading=\"lazy\" class=\"aligncenter wp-image-720 size-full\" src=\"http:\/\/www.lyceelecorbusier.eu\/erasmus\/wp-content\/uploads\/sites\/53\/2024\/12\/Erasmus_Web_Banner.png\" alt=\"\" width=\"1147\" height=\"123\" srcset=\"https:\/\/www.lyceelecorbusier.eu\/erasmus\/wp-content\/uploads\/sites\/53\/2024\/12\/Erasmus_Web_Banner.png 1147w, https:\/\/www.lyceelecorbusier.eu\/erasmus\/wp-content\/uploads\/sites\/53\/2024\/12\/Erasmus_Web_Banner-300x32.png 300w, https:\/\/www.lyceelecorbusier.eu\/erasmus\/wp-content\/uploads\/sites\/53\/2024\/12\/Erasmus_Web_Banner-1024x110.png 1024w, https:\/\/www.lyceelecorbusier.eu\/erasmus\/wp-content\/uploads\/sites\/53\/2024\/12\/Erasmus_Web_Banner-768x82.png 768w, https:\/\/www.lyceelecorbusier.eu\/erasmus\/wp-content\/uploads\/sites\/53\/2024\/12\/Erasmus_Web_Banner-960x103.png 960w\" sizes=\"(max-width: 1147px) 100vw, 1147px\" \/><br \/>\n<!--more--><\/p>\n<h2>Politique linguistique mise en \u0153uvre par l&#8217;\u00e9tablissement<\/h2>\n<p>Les mobilit\u00e9s mises en \u0153uvre en <strong>pr\u00e9-Bac<\/strong> sont adoss\u00e9es au parcours personnalis\u00e9 en langues, en particulier :<\/p>\n<ul>\n<li>Nos sections europ\u00e9ennes, allemand ou anglais, possibles en voies technologiques STI2D, STD2A et en voie g\u00e9n\u00e9rale, sp\u00e9cialit\u00e9 Sciences de l&#8217;ing\u00e9nieur. <a href=\"https:\/\/drive.google.com\/file\/d\/1iCpor7_Bn-I6srmbult1GxCHGEtNwvTd\/view?usp=sharing\" target=\"_blank\" rel=\"noopener\">En savoir plus sur les sections europ\u00e9ennes<\/a> au Lyc\u00e9e Le Corbusier.<\/li>\n<li>L&#8217;option MSIAD en Seconde G\u00e9n\u00e9rale et Technologique. Une partie des projets est propos\u00e9e en d\u00e9couverte en Anglais ou en Allemand, de mani\u00e8re ludique et sans contraintes. <a href=\"https:\/\/drive.google.com\/file\/d\/1RPoLkCvqTyUxMYm8xFpUDVJOeROEf3g1\/view?usp=sharing\" target=\"_blank\" rel=\"noopener\">En savoir plus sur l&#8217;option MSIAD<\/a>.<\/li>\n<\/ul>\n<p>En <strong>Post-Bac<\/strong>, des possibilit\u00e9s de stages et d&#8217;\u00e9tudes \u00e0 l&#8217;\u00e9tranger sont propos\u00e9s, avec une possibilit\u00e9 de soutien dans le cadre du programme Erasmus+.<\/p>\n<p><img loading=\"lazy\" class=\"alignright wp-image-721 size-full\" src=\"http:\/\/www.lyceelecorbusier.eu\/erasmus\/wp-content\/uploads\/sites\/53\/2024\/12\/co-funded-by-the-erasmus-programme.png\" alt=\"\" width=\"1134\" height=\"233\" srcset=\"https:\/\/www.lyceelecorbusier.eu\/erasmus\/wp-content\/uploads\/sites\/53\/2024\/12\/co-funded-by-the-erasmus-programme.png 1134w, https:\/\/www.lyceelecorbusier.eu\/erasmus\/wp-content\/uploads\/sites\/53\/2024\/12\/co-funded-by-the-erasmus-programme-300x62.png 300w, https:\/\/www.lyceelecorbusier.eu\/erasmus\/wp-content\/uploads\/sites\/53\/2024\/12\/co-funded-by-the-erasmus-programme-1024x210.png 1024w, https:\/\/www.lyceelecorbusier.eu\/erasmus\/wp-content\/uploads\/sites\/53\/2024\/12\/co-funded-by-the-erasmus-programme-768x158.png 768w, https:\/\/www.lyceelecorbusier.eu\/erasmus\/wp-content\/uploads\/sites\/53\/2024\/12\/co-funded-by-the-erasmus-programme-960x197.png 960w\" sizes=\"(max-width: 1134px) 100vw, 1134px\" \/><\/p>\n<p><a href=\"https:\/\/www.lyceelecorbusier.eu\/erasmus\/?p=303\" target=\"_blank\" rel=\"noopener\">Programme Erasmus+ dans le sup\u00e9rieur<\/a> : BTS, DN-MADE, DSAA.<\/p>\n<p><a href=\"http:\/\/www.lyceelecorbusier.eu\/erasmus\/wp-content\/uploads\/sites\/53\/2021\/09\/Charte_Erasmus_Superieur_2021-2027.pdf\" target=\"_blank\" rel=\"noopener\">Charte Erasmus+ pour l&#8217;enseignement sup\u00e9rieur<\/a><\/p>\n<h2>Les partenariats<\/h2>\n<p>Le Lyc\u00e9e est engag\u00e9 de longue date dans des partenariats internationaux, pour partie soutenus dans le cadre du programme Erasmus+. Ces partenariats, centr\u00e9s sur la voie technologique et g\u00e9n\u00e9rale et sur la voie professionnelle, s\u2019\u00e9largissent pour inclure d\u2019autres \u00e9tablissements europ\u00e9ens.<\/p>\n<table style=\"border-collapse: collapse;width: 100%;height: 10px\">\n<tbody>\n<tr style=\"height: 18px\">\n<td style=\"width: 3.81356%;height: 10px\">\n<h3><img loading=\"lazy\" class=\"wp-image-269 alignnone\" src=\"http:\/\/www.lyceelecorbusier.eu\/erasmus\/wp-content\/uploads\/sites\/53\/2021\/02\/right-arrow-150x150.png\" alt=\"\" width=\"30\" height=\"30\" srcset=\"https:\/\/www.lyceelecorbusier.eu\/erasmus\/wp-content\/uploads\/sites\/53\/2021\/02\/right-arrow-150x150.png 150w, https:\/\/www.lyceelecorbusier.eu\/erasmus\/wp-content\/uploads\/sites\/53\/2021\/02\/right-arrow-300x300.png 300w, https:\/\/www.lyceelecorbusier.eu\/erasmus\/wp-content\/uploads\/sites\/53\/2021\/02\/right-arrow.png 512w\" sizes=\"(max-width: 30px) 100vw, 30px\" \/><\/h3>\n<\/td>\n<td style=\"width: 96.1864%;height: 10px\">\n<h4>\u00a0Fit f\u00fcr die Zukunft &#8211; Travailler ensemble demain<\/h4>\n<\/td>\n<\/tr>\n<\/tbody>\n<\/table>\n<h5>BBS II Leer &#8211; Allemagne<br \/>\nBBS1 Delmenhorst &#8211; Allemagne<br \/>\nLuther-Melanchthon-Gymnasium Wittenberg &#8211; Allemagne<\/h5>\n<p><a href=\"https:\/\/www.lyceelecorbusier.eu\/erasmus\/?p=190\">Cliquer ici pour en savoir plus<\/a><\/p>\n<table style=\"width: 100%\">\n<tbody>\n<tr>\n<td style=\"width: 4.0678%\">\n<h3><img loading=\"lazy\" class=\"wp-image-269 alignnone\" src=\"http:\/\/www.lyceelecorbusier.eu\/erasmus\/wp-content\/uploads\/sites\/53\/2021\/02\/right-arrow-150x150.png\" alt=\"\" width=\"30\" height=\"30\" srcset=\"https:\/\/www.lyceelecorbusier.eu\/erasmus\/wp-content\/uploads\/sites\/53\/2021\/02\/right-arrow-150x150.png 150w, https:\/\/www.lyceelecorbusier.eu\/erasmus\/wp-content\/uploads\/sites\/53\/2021\/02\/right-arrow-300x300.png 300w, https:\/\/www.lyceelecorbusier.eu\/erasmus\/wp-content\/uploads\/sites\/53\/2021\/02\/right-arrow.png 512w\" sizes=\"(max-width: 30px) 100vw, 30px\" \/><\/h3>\n<\/td>\n<td style=\"width: 95.8475%\">\n<h4>\u00a0Br\u00fccken verbinden Menschen &#8211; Bridges connect people<\/h4>\n<\/td>\n<\/tr>\n<\/tbody>\n<\/table>\n<h5>BBS Neustadt an der Weinstra\u00dfe &#8211; Allemagne<br \/>\nGraditeljska Tehnicka \u0160kola &#8211; Zagreb &#8211; Croatie<br \/>\nLiceo Artistico F. Mengaroni &#8211; Pesaro &#8211; Italie<\/h5>\n<p><a href=\"https:\/\/www.lyceelecorbusier.eu\/erasmus\/?p=199\">Cliquer ici pour en savoir plus<\/a><\/p>\n<table style=\"width: 100.339%;height: 55px\">\n<tbody>\n<tr>\n<td style=\"width: 3.81356%\">\n<h4><img loading=\"lazy\" class=\"wp-image-269 alignnone\" src=\"http:\/\/www.lyceelecorbusier.eu\/erasmus\/wp-content\/uploads\/sites\/53\/2021\/02\/right-arrow-150x150.png\" alt=\"\" width=\"30\" height=\"30\" srcset=\"https:\/\/www.lyceelecorbusier.eu\/erasmus\/wp-content\/uploads\/sites\/53\/2021\/02\/right-arrow-150x150.png 150w, https:\/\/www.lyceelecorbusier.eu\/erasmus\/wp-content\/uploads\/sites\/53\/2021\/02\/right-arrow-300x300.png 300w, https:\/\/www.lyceelecorbusier.eu\/erasmus\/wp-content\/uploads\/sites\/53\/2021\/02\/right-arrow.png 512w\" sizes=\"(max-width: 30px) 100vw, 30px\" \/><\/h4>\n<\/td>\n<td style=\"width: 96.1017%\">\n<h4>\u00a0Bauen gestern, heute und morgen &#8211; L&#8217;architecture d&#8217;hier, d&#8217;aujourd&#8217;hui et de demain<\/h4>\n<\/td>\n<\/tr>\n<\/tbody>\n<\/table>\n<h5>BBS Neustadt an der Weinstra\u00dfe &#8211; Allemagne<\/h5>\n<p><a href=\"https:\/\/www.lyceelecorbusier.eu\/erasmus\/?p=101\">Cliquer ici pour en savoir plus<\/a><\/p>\n<table style=\"border-collapse: collapse;width: 100%;height: 18px\">\n<tbody>\n<tr style=\"height: 18px\">\n<td style=\"width: 3.81356%;height: 18px\">\n<h3><img loading=\"lazy\" class=\"wp-image-269 alignnone\" src=\"http:\/\/www.lyceelecorbusier.eu\/erasmus\/wp-content\/uploads\/sites\/53\/2021\/02\/right-arrow-150x150.png\" alt=\"\" width=\"30\" height=\"30\" srcset=\"https:\/\/www.lyceelecorbusier.eu\/erasmus\/wp-content\/uploads\/sites\/53\/2021\/02\/right-arrow-150x150.png 150w, https:\/\/www.lyceelecorbusier.eu\/erasmus\/wp-content\/uploads\/sites\/53\/2021\/02\/right-arrow-300x300.png 300w, https:\/\/www.lyceelecorbusier.eu\/erasmus\/wp-content\/uploads\/sites\/53\/2021\/02\/right-arrow.png 512w\" sizes=\"(max-width: 30px) 100vw, 30px\" \/><\/h3>\n<\/td>\n<td style=\"width: 96.1864%;height: 18px\">\n<h4>\u00a0Partenariat avec le Luther-Melanchthon Gymnasium de Wittenberg<\/h4>\n<\/td>\n<\/tr>\n<\/tbody>\n<\/table>\n<p>Cliquer ici pour en savoir plus<\/p>\n<p>&nbsp;<\/p>\n<h2>La cellule internationale<\/h2>\n<p>Pour nous contacter, vous renseigner, monter un projet de mobilit\u00e9, une adresse unique : <a href=\"mailto:international.lecorbusier@ac-strasbourg.fr\">international.lecorbusier@ac-strasbourg.fr<\/a> et un num\u00e9ro : +33 (0)6 02 12 02 85.<\/p>\n<p>&nbsp;<\/p>\n<p><span style=\"font-size: 8pt\">Background photo created by <a href=\"http:\/\/www.freepik.com\">Freepik<\/a> <\/span><br \/>\n<span style=\"font-size: 8pt\">Icons made by <a href=\"https:\/\/icon54.com\/\">Pixel perfect<\/a> from <a href=\"http:\/\/www.flaticon.com\">Flaticon<\/a><\/span><\/p>\n","protected":false},"excerpt":{"rendered":"<p>Le programme international du lyc\u00e9e Le Lyc\u00e9e Polyvalent Le Corbusier s&#8217;inscrit dans une d\u00e9marche internationale volontariste, en particulier gr\u00e2ce au programme ERASMUS+, son offre linguistique et ses partenariats internationaux. La dimension internationale est tr\u00e8s fortement inscrite dans le&#8230; <a class=\"read-more\" href=\"https:\/\/www.lyceelecorbusier.eu\/erasmus\/?page_id=2\">Lire la suite&#8230;<\/a><\/p>\n","protected":false},"author":1,"featured_media":266,"parent":0,"menu_order":0,"comment_status":"closed","ping_status":"closed","template":"template-full.php","meta":[],"_links":{"self":[{"href":"https:\/\/www.lyceelecorbusier.eu\/erasmus\/index.php?rest_route=\/wp\/v2\/pages\/2"}],"collection":[{"href":"https:\/\/www.lyceelecorbusier.eu\/erasmus\/index.php?rest_route=\/wp\/v2\/pages"}],"about":[{"href":"https:\/\/www.lyceelecorbusier.eu\/erasmus\/index.php?rest_route=\/wp\/v2\/types\/page"}],"author":[{"embeddable":true,"href":"https:\/\/www.lyceelecorbusier.eu\/erasmus\/index.php?rest_route=\/wp\/v2\/users\/1"}],"replies":[{"embeddable":true,"href":"https:\/\/www.lyceelecorbusier.eu\/erasmus\/index.php?rest_route=%2Fwp%2Fv2%2Fcomments&post=2"}],"version-history":[{"count":60,"href":"https:\/\/www.lyceelecorbusier.eu\/erasmus\/index.php?rest_route=\/wp\/v2\/pages\/2\/revisions"}],"predecessor-version":[{"id":855,"href":"https:\/\/www.lyceelecorbusier.eu\/erasmus\/index.php?rest_route=\/wp\/v2\/pages\/2\/revisions\/855"}],"wp:featuredmedia":[{"embeddable":true,"href":"https:\/\/www.lyceelecorbusier.eu\/erasmus\/index.php?rest_route=\/wp\/v2\/media\/266"}],"wp:attachment":[{"href":"https:\/\/www.lyceelecorbusier.eu\/erasmus\/index.php?rest_route=%2Fwp%2Fv2%2Fmedia&parent=2"}],"curies":[{"name":"wp","href":"https:\/\/api.w.org\/{rel}","templated":true}]}}