{"id":3158,"date":"2020-06-08T14:54:22","date_gmt":"2020-06-08T13:54:22","guid":{"rendered":"https:\/\/www.lyceelecorbusier.eu\/dsaa\/?page_id=3158"},"modified":"2024-03-28T12:19:21","modified_gmt":"2024-03-28T11:19:21","slug":"3158-2","status":"publish","type":"page","link":"https:\/\/www.lyceelecorbusier.eu\/dsaa\/?page_id=3158","title":{"rendered":""},"content":{"rendered":"<h1 style=\"text-align: center\">PORTES OUVERTES 2024<\/h1>\n<p style=\"text-align: center\"><a href=\"https:\/\/www.lyceelecorbusier.eu\/dsaa\/?page_id=3158\">\u2014\u2014\u2014\u2014\u2014\u2014\u2014\u2014\u2014\u2014\u2014\u2014\u2014\u2014\u2014\u2014\u2014\u2014\u2014\u2014\u2014\u2014\u2014\u2014\u2014\u2014\u2014\u2014\u2014\u2014\u2014\u2014\u2014\u2014\u2014\u2014<\/a><\/p>\n<h4 style=\"text-align: center\"><span style=\"font-size: 1em\">Les portes ouvertes se d\u00e9roulent les 16 et 17 f\u00e9vrier.<\/span><\/h4>\n<p>&nbsp;<\/p>\n<div>\n<div><span style=\"font-family: HelveticaNeue\">Parcourez notre site pour d\u00e9couvrir notre projet p\u00e9dagogique\u2026 comprendre nos valeurs, nos projets, notre fonctionnement.<\/span><\/div>\n<div>Nous vous accueillerons \u00e0 l&#8217;\u00e9cole\u00a0<\/div>\n<div>15 rue Lixenbuhl, 67400 Illkirch-Graffenstaden<\/div>\n<div>Tram A, arr\u00eat Lixenbuhl<\/div>\n<\/div>\n<div>\u00a0<\/div>\n<h3>vendredi 16 f\u00e9vrier, de 17h \u00e0 18h45<\/h3>\n<p>L\u2019\u00e9quipe de l\u2019InSituLab fera une pr\u00e9sentation de la formation le vendredi 16\/02\/2024 \u00e0 17h,<br \/>\nCe temps de pr\u00e9sentation sera suivi par un \u00e9change ouvert avec les personnes connect\u00e9es qui pourront poser des questions.<br \/>\n<a href=\"https:\/\/meet.jit.si\/Insitulab2024\" target=\"_blank\" rel=\"noopener\">https:\/\/meet.jit.si\/Insitulab2024<\/a><\/p>\n<div>\n<div>\u00a0<\/div>\n<div>L\u2019Insitulab se raconte aussi\u2026. sur <a href=\"https:\/\/www.facebook.com\/dsaa.insitulab\">sa page Facebook<\/a><\/div>\n<\/div>\n<p>&nbsp;<\/p>\n","protected":false},"excerpt":{"rendered":"<p>PORTES OUVERTES 2024 \u2014\u2014\u2014\u2014\u2014\u2014\u2014\u2014\u2014\u2014\u2014\u2014\u2014\u2014\u2014\u2014\u2014\u2014\u2014\u2014\u2014\u2014\u2014\u2014\u2014\u2014\u2014\u2014\u2014\u2014\u2014\u2014\u2014\u2014\u2014\u2014 Les portes ouvertes se d\u00e9roulent les 16 et 17 f\u00e9vrier. &nbsp; Parcourez notre site pour d\u00e9couvrir notre projet p\u00e9dagogique\u2026 comprendre nos valeurs, nos projets, notre fonctionnement. Nous vous accueillerons \u00e0 l&#8217;\u00e9cole\u00a0 15 rue Lixenbuhl,&#8230; <a class=\"read-more\" href=\"https:\/\/www.lyceelecorbusier.eu\/dsaa\/?page_id=3158\">Lire la suite&#8230;<\/a><\/p>\n","protected":false},"author":6,"featured_media":0,"parent":0,"menu_order":0,"comment_status":"closed","ping_status":"closed","template":"","meta":[],"_links":{"self":[{"href":"https:\/\/www.lyceelecorbusier.eu\/dsaa\/index.php?rest_route=\/wp\/v2\/pages\/3158"}],"collection":[{"href":"https:\/\/www.lyceelecorbusier.eu\/dsaa\/index.php?rest_route=\/wp\/v2\/pages"}],"about":[{"href":"https:\/\/www.lyceelecorbusier.eu\/dsaa\/index.php?rest_route=\/wp\/v2\/types\/page"}],"author":[{"embeddable":true,"href":"https:\/\/www.lyceelecorbusier.eu\/dsaa\/index.php?rest_route=\/wp\/v2\/users\/6"}],"replies":[{"embeddable":true,"href":"https:\/\/www.lyceelecorbusier.eu\/dsaa\/index.php?rest_route=%2Fwp%2Fv2%2Fcomments&post=3158"}],"version-history":[{"count":41,"href":"https:\/\/www.lyceelecorbusier.eu\/dsaa\/index.php?rest_route=\/wp\/v2\/pages\/3158\/revisions"}],"predecessor-version":[{"id":3759,"href":"https:\/\/www.lyceelecorbusier.eu\/dsaa\/index.php?rest_route=\/wp\/v2\/pages\/3158\/revisions\/3759"}],"wp:attachment":[{"href":"https:\/\/www.lyceelecorbusier.eu\/dsaa\/index.php?rest_route=%2Fwp%2Fv2%2Fmedia&parent=3158"}],"curies":[{"name":"wp","href":"https:\/\/api.w.org\/{rel}","templated":true}]}}

<h1 style="text-align: center">PORTES OUVERTES 2024</h1>
<p style="text-align: center"><a href="https://www.lyceelecorbusier.eu/dsaa/?page_id=3158">————————————————————————————————————</a></p>
<h4 style="text-align: center"><span style="font-size: 1em">Les portes ouvertes se déroulent les 16 et 17 février.</span></h4>
<p>&nbsp;</p>
<div>
<div><span style="font-family: HelveticaNeue">Parcourez notre site pour découvrir notre projet pédagogique… comprendre nos valeurs, nos projets, notre fonctionnement.</span></div>
<div>Nous vous accueillerons à l&#8217;école </div>
<div>15 rue Lixenbuhl, 67400 Illkirch-Graffenstaden</div>
<div>Tram A, arrêt Lixenbuhl</div>
</div>
<div> </div>
<h3>vendredi 16 février, de 17h à 18h45</h3>
<p>L’équipe de l’InSituLab fera une présentation de la formation le vendredi 16/02/2024 à 17h,<br />
Ce temps de présentation sera suivi par un échange ouvert avec les personnes connectées qui pourront poser des questions.<br />
<a href="https://meet.jit.si/Insitulab2024" target="_blank" rel="noopener">https://meet.jit.si/Insitulab2024</a></p>
<div>
<div> </div>
<div>L’Insitulab se raconte aussi…. sur <a href="https://www.facebook.com/dsaa.insitulab">sa page Facebook</a></div>
</div>
<p>&nbsp;</p>

<p>PORTES OUVERTES 2024 ———————————————————————————————————— Les portes ouvertes se déroulent les 16 et 17 février. &nbsp; Parcourez notre site pour découvrir notre projet pédagogique… comprendre nos valeurs, nos projets, notre fonctionnement. Nous vous accueillerons à l&#8217;école  15 rue Lixenbuhl,&#8230; <a class="read-more" href="https://www.lyceelecorbusier.eu/dsaa/?page_id=3158">Lire la suite&#8230;</a></p>
