{"id":12,"date":"2015-09-29T16:34:29","date_gmt":"2015-09-29T15:34:29","guid":{"rendered":"http:\/\/www.lyceelecorbusier.eu\/cultures-communes\/?page_id=2"},"modified":"2016-01-10T20:14:49","modified_gmt":"2016-01-10T19:14:49","slug":"page-d-exemple-2-2","status":"publish","type":"page","link":"https:\/\/www.lyceelecorbusier.eu\/design-de-la-democratie\/?page_id=12","title":{"rendered":"Pr\u00e9sentation"},"content":{"rendered":"<h1 style=\"text-align: center\">Pr\u00e9sentation du labo<\/h1>\n<div class=\"organic-column one-half\">Notre labo se donne pour objectif de d\u00e9velopper des outils au service du politique face au participatif. Ces outils seront test\u00e9s et exp\u00e9riment\u00e9s sur le terrain comme base de d\u00e9monstration afin de cr\u00e9er une \u201cpalette\u201d d\u2019outils qui pourraient \u00eatre valoris\u00e9e aupr\u00e8s du politique.<br \/>\nNos questionnements seront les suivants :<br \/>\nPeut-on cr\u00e9er un catalogue dans lequel puiser ? Si oui, sous quelle forme ?<br \/>\nPeut-on imaginer un diagramme ou une cartographie des typologies d\u2019outils en regard des typologies de questions et\/ou des potentialit\u00e9s de r\u00e9ponses ?<br \/>\nExisterait-il une \u201cclassification\u201d ?<\/div>\n<div class=\"organic-column one-half last\">Designers de terrain, nous nous inscrivons dans le cadre de la <em>Maison Citoyenne<\/em>, pour l\u2019instant g\u00e9r\u00e9e\u00a0par une association. Celle-ci fait appel \u00e0 nous pour co-construire un mode de gouvernance, et le programme des espaces ext\u00e9rieurs, \u00e0 savoir une placette devant la maison, et un jardin sur l\u2019arri\u00e8re.<br \/>\nNos premiers questionnements consistent \u00e0 comprendre quels en seront les usages et les usagers.<br \/>\nChacun d\u2019entre nous pourra ainsi tester \u00e0 travers\u00a0ce meta-projet les questions qui le pr\u00e9occupent dans le cadre de son dipl\u00f4me.<br \/>\nNous accompagnerons la maison citoyenne dans la d\u00e9finition et le prototypage de ces\u00a0espaces et usages.<\/p>\n<p>Le laboratoire du design de la d\u00e9mocratie est\u00a0sous la direction de Bruno LAVELLE et Jean OBRECHT.<\/div><div class=\"clearboth\"><\/div>\n<p><a class=\"button\" href=\"http:\/\/www.lyceelecorbusier.eu\/design-de-la-democratie\/?page_id=55\">L&#8217;ACTU DU LABO<\/a><\/p>\n","protected":false},"excerpt":{"rendered":"<p>Pr\u00e9sentation du labo L&#8217;ACTU DU LABO<\/p>\n","protected":false},"author":1,"featured_media":0,"parent":0,"menu_order":0,"comment_status":"closed","ping_status":"open","template":"template-full.php","meta":[],"_links":{"self":[{"href":"https:\/\/www.lyceelecorbusier.eu\/design-de-la-democratie\/index.php?rest_route=\/wp\/v2\/pages\/12"}],"collection":[{"href":"https:\/\/www.lyceelecorbusier.eu\/design-de-la-democratie\/index.php?rest_route=\/wp\/v2\/pages"}],"about":[{"href":"https:\/\/www.lyceelecorbusier.eu\/design-de-la-democratie\/index.php?rest_route=\/wp\/v2\/types\/page"}],"author":[{"embeddable":true,"href":"https:\/\/www.lyceelecorbusier.eu\/design-de-la-democratie\/index.php?rest_route=\/wp\/v2\/users\/1"}],"replies":[{"embeddable":true,"href":"https:\/\/www.lyceelecorbusier.eu\/design-de-la-democratie\/index.php?rest_route=%2Fwp%2Fv2%2Fcomments&post=12"}],"version-history":[{"count":19,"href":"https:\/\/www.lyceelecorbusier.eu\/design-de-la-democratie\/index.php?rest_route=\/wp\/v2\/pages\/12\/revisions"}],"predecessor-version":[{"id":342,"href":"https:\/\/www.lyceelecorbusier.eu\/design-de-la-democratie\/index.php?rest_route=\/wp\/v2\/pages\/12\/revisions\/342"}],"wp:attachment":[{"href":"https:\/\/www.lyceelecorbusier.eu\/design-de-la-democratie\/index.php?rest_route=%2Fwp%2Fv2%2Fmedia&parent=12"}],"curies":[{"name":"wp","href":"https:\/\/api.w.org\/{rel}","templated":true}]}}

Présentation

<h1 style="text-align: center">Présentation du labo</h1>
<div class="organic-column one-half">Notre labo se donne pour objectif de développer des outils au service du politique face au participatif. Ces outils seront testés et expérimentés sur le terrain comme base de démonstration afin de créer une “palette” d’outils qui pourraient être valorisée auprès du politique.<br />
Nos questionnements seront les suivants :<br />
Peut-on créer un catalogue dans lequel puiser ? Si oui, sous quelle forme ?<br />
Peut-on imaginer un diagramme ou une cartographie des typologies d’outils en regard des typologies de questions et/ou des potentialités de réponses ?<br />
Existerait-il une “classification” ?</div>
<div class="organic-column one-half last">Designers de terrain, nous nous inscrivons dans le cadre de la <em>Maison Citoyenne</em>, pour l’instant gérée par une association. Celle-ci fait appel à nous pour co-construire un mode de gouvernance, et le programme des espaces extérieurs, à savoir une placette devant la maison, et un jardin sur l’arrière.<br />
Nos premiers questionnements consistent à comprendre quels en seront les usages et les usagers.<br />
Chacun d’entre nous pourra ainsi tester à travers ce meta-projet les questions qui le préoccupent dans le cadre de son diplôme.<br />
Nous accompagnerons la maison citoyenne dans la définition et le prototypage de ces espaces et usages.</p>
<p>Le laboratoire du design de la démocratie est sous la direction de Bruno LAVELLE et Jean OBRECHT.</div><div class="clearboth"></div>
<p><a class="button" href="http://www.lyceelecorbusier.eu/design-de-la-democratie/?page_id=55">L&#8217;ACTU DU LABO</a></p>

<p>Présentation du labo L&#8217;ACTU DU LABO</p>
