{"id":66,"date":"2018-09-07T11:53:24","date_gmt":"2018-09-07T09:53:24","guid":{"rendered":"http:\/\/www.lyceelecorbusier.eu\/canal\/wp-content\/uploads\/sites\/43\/2018\/09\/photo_carla_canal.jpg"},"modified":"2018-10-19T09:30:07","modified_gmt":"2018-10-19T07:30:07","slug":"photo_carla_canal","status":"inherit","type":"attachment","link":"https:\/\/www.lyceelecorbusier.eu\/canal\/?attachment_id=66","title":{"rendered":"photo_carla_canal"},"author":1,"comment_status":"closed","ping_status":"closed","template":"","meta":[],"description":{"rendered":"<p class=\"attachment\"><a href='https:\/\/www.lyceelecorbusier.eu\/canal\/wp-content\/uploads\/sites\/43\/2018\/09\/photo_carla_canal.jpg'><img width=\"300\" height=\"169\" src=\"https:\/\/www.lyceelecorbusier.eu\/canal\/wp-content\/uploads\/sites\/43\/2018\/09\/photo_carla_canal-300x169.jpg\" class=\"attachment-medium size-medium\" alt=\"\" loading=\"lazy\" srcset=\"https:\/\/www.lyceelecorbusier.eu\/canal\/wp-content\/uploads\/sites\/43\/2018\/09\/photo_carla_canal-300x169.jpg 300w, https:\/\/www.lyceelecorbusier.eu\/canal\/wp-content\/uploads\/sites\/43\/2018\/09\/photo_carla_canal-768x432.jpg 768w, https:\/\/www.lyceelecorbusier.eu\/canal\/wp-content\/uploads\/sites\/43\/2018\/09\/photo_carla_canal-1024x576.jpg 1024w, https:\/\/www.lyceelecorbusier.eu\/canal\/wp-content\/uploads\/sites\/43\/2018\/09\/photo_carla_canal-960x540.jpg 960w, https:\/\/www.lyceelecorbusier.eu\/canal\/wp-content\/uploads\/sites\/43\/2018\/09\/photo_carla_canal.jpg 1600w\" sizes=\"(max-width: 300px) 100vw, 300px\" \/><\/a><\/p>\n"},"caption":{"rendered":"<p>Ondoyant. Au premier sens du terme. Les yeux au niveau de l&#8217;eau qui ondoie. Mati\u00e8re liquide turquoise qui danse au rythme du passage des bateaux et p\u00e9niches. Petite vaguelettes qui viennent caresser la rive. Deuxi\u00e8me temps. Contrebalance. Nature ondoyante, arbres dansants et tournoyants. Danseurs du bord de l&#8217;eau. Des racines entrem\u00eal\u00e9es jusqu&#8217;au bout des feuilles, ils sont le miroir de leur reflet sur la surface. Surface. Les paysages trouvent une deuxi\u00e8me dimension dans ses ondes. D\u00e9form\u00e9s, ils existent diff\u00e9remment. Les droites deviennent courbes et les courbes deviennent fractales d&#8217;ondes. L&#8217;urbain vit dans le reflet des eaux troubles. <\/p>\n<p>Carla,<\/p>\n"},"alt_text":"","media_type":"image","mime_type":"image\/jpeg","media_details":{"width":1600,"height":900,"file":"2018\/09\/photo_carla_canal.jpg","sizes":{"thumbnail":{"file":"photo_carla_canal-150x150.jpg","width":150,"height":150,"mime_type":"image\/jpeg","source_url":"https:\/\/www.lyceelecorbusier.eu\/canal\/wp-content\/uploads\/sites\/43\/2018\/09\/photo_carla_canal-150x150.jpg"},"medium":{"file":"photo_carla_canal-300x169.jpg","width":300,"height":169,"mime_type":"image\/jpeg","source_url":"https:\/\/www.lyceelecorbusier.eu\/canal\/wp-content\/uploads\/sites\/43\/2018\/09\/photo_carla_canal-300x169.jpg"},"medium_large":{"file":"photo_carla_canal-768x432.jpg","width":768,"height":432,"mime_type":"image\/jpeg","source_url":"https:\/\/www.lyceelecorbusier.eu\/canal\/wp-content\/uploads\/sites\/43\/2018\/09\/photo_carla_canal-768x432.jpg"},"large":{"file":"photo_carla_canal-1024x576.jpg","width":1024,"height":576,"mime_type":"image\/jpeg","source_url":"https:\/\/www.lyceelecorbusier.eu\/canal\/wp-content\/uploads\/sites\/43\/2018\/09\/photo_carla_canal-1024x576.jpg"},"purpose-featured-small":{"file":"photo_carla_canal-960x540.jpg","width":960,"height":540,"mime_type":"image\/jpeg","source_url":"https:\/\/www.lyceelecorbusier.eu\/canal\/wp-content\/uploads\/sites\/43\/2018\/09\/photo_carla_canal-960x540.jpg"},"purpose-featured-square":{"file":"photo_carla_canal-720x720.jpg","width":720,"height":720,"mime_type":"image\/jpeg","source_url":"https:\/\/www.lyceelecorbusier.eu\/canal\/wp-content\/uploads\/sites\/43\/2018\/09\/photo_carla_canal-720x720.jpg"},"full":{"file":"photo_carla_canal.jpg","width":1600,"height":900,"mime_type":"image\/jpeg","source_url":"https:\/\/www.lyceelecorbusier.eu\/canal\/wp-content\/uploads\/sites\/43\/2018\/09\/photo_carla_canal.jpg"}},"image_meta":{"aperture":"0","credit":"","camera":"","caption":"","created_timestamp":"0","copyright":"","focal_length":"0","iso":"0","shutter_speed":"0","title":"","orientation":"1","keywords":[]}},"post":33,"source_url":"https:\/\/www.lyceelecorbusier.eu\/canal\/wp-content\/uploads\/sites\/43\/2018\/09\/photo_carla_canal.jpg","_links":{"self":[{"href":"https:\/\/www.lyceelecorbusier.eu\/canal\/index.php?rest_route=\/wp\/v2\/media\/66"}],"collection":[{"href":"https:\/\/www.lyceelecorbusier.eu\/canal\/index.php?rest_route=\/wp\/v2\/media"}],"about":[{"href":"https:\/\/www.lyceelecorbusier.eu\/canal\/index.php?rest_route=\/wp\/v2\/types\/attachment"}],"author":[{"embeddable":true,"href":"https:\/\/www.lyceelecorbusier.eu\/canal\/index.php?rest_route=\/wp\/v2\/users\/1"}]}}

<p>Ondoyant. Au premier sens du terme. Les yeux au niveau de l&#8217;eau qui ondoie. Matière liquide turquoise qui danse au rythme du passage des bateaux et péniches. Petite vaguelettes qui viennent caresser la rive. Deuxième temps. Contrebalance. Nature ondoyante, arbres dansants et tournoyants. Danseurs du bord de l&#8217;eau. Des racines entremêlées jusqu&#8217;au bout des feuilles, ils sont le miroir de leur reflet sur la surface. Surface. Les paysages trouvent une deuxième dimension dans ses ondes. Déformés, ils existent différemment. Les droites deviennent courbes et les courbes deviennent fractales d&#8217;ondes. L&#8217;urbain vit dans le reflet des eaux troubles. </p>
<p>Carla,</p>
